{"id":49,"date":"2018-10-31T16:28:49","date_gmt":"2018-10-31T16:28:49","guid":{"rendered":"https:\/\/moblespladevall.cat\/?page_id=49"},"modified":"2019-03-07T04:59:08","modified_gmt":"2019-03-07T04:59:08","slug":"serveis","status":"publish","type":"page","link":"https:\/\/moblespladevall.cat\/es\/serveis","title":{"rendered":"Servicios"},"content":{"rendered":"<p><\/p>\n<table class=\"aligncenter\" style=\"height: 191px; width: 75%; border-style: solid;\" border=\"1\">\n<tbody>\n<tr style=\"height: 24px;\">\n<td style=\"width: 784.25px; height: 24px;\">\n<table class=\" alignleft\" style=\"width: 100%;\">\n<tbody>\n<tr>\n<td style=\"width: 203.4px; text-align: center;\"><img loading=\"lazy\" decoding=\"async\" class=\"size-full wp-image-1783 aligncenter\" src=\"https:\/\/moblespladevall.cat\/wp-content\/uploads\/2019\/03\/fabricants.jpg\" alt=\"\" width=\"200\" height=\"150\" \/><\/td>\n<td style=\"width: 50%; text-align: center;\">\n<p style=\"text-align: center;\"><strong><em>Somos fabricantes.<\/em><\/strong><\/p>\n<p>En Muebles Pladevall disponemos de maquinaria de \u00faltima generaci\u00f3n, para poder fabricar el tus muebles a medida con unos acabados perfectos, y un precio inmejorable.<\/td>\n<\/tr>\n<tr>\n<td style=\"width: 203.4px; text-align: center;\"><strong><em>Transporte.<\/em><\/strong><\/p>\n<p>Si no te quieres complicar nuestros equipos de transporte te garantizar\u00e1n una entrega eficaz y r\u00e1pida en toda Catalu\u00f1a.<\/p>\n<p style=\"text-align: center;\">\n<\/td>\n<td style=\"width: 204.6px; text-align: center;\"><img loading=\"lazy\" decoding=\"async\" class=\"alignnone size-full wp-image-1787 aligncenter\" src=\"https:\/\/moblespladevall.cat\/wp-content\/uploads\/2019\/03\/transport.jpg\" alt=\"\" width=\"200\" height=\"150\" \/><\/td>\n<\/tr>\n<tr>\n<td style=\"width: 203.4px; text-align: center;\"><img loading=\"lazy\" decoding=\"async\" class=\"alignnone size-full wp-image-1798\" src=\"https:\/\/moblespladevall.cat\/wp-content\/uploads\/2019\/03\/muntatge-mobles.jpg\" alt=\"\" width=\"200\" height=\"150\" \/><\/td>\n<td style=\"width: 204.6px; text-align: center;\">\n<p style=\"text-align: center;\"><strong><em>Montaje de Muebles.<\/em><\/strong><\/p>\n<p>Si no quieres complicarte nuestros equipos de montadores profesionales te garantizamos una entrega y montaje f\u00e1cil y r\u00e1pido en toda Catalu\u00f1a.<\/td>\n<\/tr>\n<tr>\n<td style=\"width: 203.4px; text-align: center;\">\n<p style=\"text-align: center;\"><strong><em>Financiaci\u00f3n.<\/em><\/strong><\/p>\n<p>Paga a tu ritmo con las diferentes formas de financiaci\u00f3n que ofrecemos.<br \/>\nAprovecha la opci\u00f3n de pagos a 12 meses sin intereses.<\/td>\n<td style=\"width: 204.6px; text-align: center;\">\n<p style=\"text-align: center;\"><img loading=\"lazy\" decoding=\"async\" class=\"alignnone size-full wp-image-1799\" src=\"https:\/\/moblespladevall.cat\/wp-content\/uploads\/2019\/03\/financiacio.png\" alt=\"\" width=\"200\" height=\"150\" \/><\/p>\n<\/td>\n<\/tr>\n<tr>\n<td style=\"width: 203.4px;\">\n<p style=\"text-align: center;\">\n<\/td>\n<td style=\"width: 204.6px; text-align: center;\"><strong><em>Retirada de muebles viejos.<\/em><\/strong><\/p>\n<p>Si contratas el servicio de transporte puedes contratar tambi\u00e9n el desmontaje y retirada de tu cocina vieja, o la retirada del colch\u00f3n o sof\u00e1 viejo.<\/td>\n<\/tr>\n<tr>\n<td style=\"width: 203.4px; text-align: center;\">\n<p style=\"text-align: center;\"><strong><em>Proyectos de decoraci\u00f3n.<\/em><\/strong><\/p>\n<p>Realizamos proyectos con dise\u00f1o gr\u00e1fico por ordenador y con 3D. Lo hacemos con los sistemas inform\u00e1ticos m\u00e1s avanzados Y software de edici\u00f3n con 3D m\u00e1s sofisticado del mercado.<\/p>\n<p style=\"text-align: center;\">\n<\/td>\n<td style=\"width: 204.6px; text-align: center;\"><strong><em><img loading=\"lazy\" decoding=\"async\" class=\"alignnone size-full wp-image-1800\" src=\"https:\/\/moblespladevall.cat\/wp-content\/uploads\/2019\/03\/projectes.jpg\" alt=\"\" width=\"200\" height=\"150\" \/><\/em><\/strong><\/td>\n<\/tr>\n<tr>\n<td style=\"width: 203.4px;\">\n<p style=\"text-align: center;\"><strong><em><img loading=\"lazy\" decoding=\"async\" class=\"alignnone size-full wp-image-1801\" src=\"https:\/\/moblespladevall.cat\/wp-content\/uploads\/2019\/03\/portes-parquets.jpg\" alt=\"\" width=\"200\" height=\"150\" \/> <img loading=\"lazy\" decoding=\"async\" class=\"alignnone size-medium wp-image-1802\" src=\"https:\/\/moblespladevall.cat\/wp-content\/uploads\/2019\/03\/portes-parquets2.jpg\" alt=\"\" width=\"200\" height=\"150\" \/><\/em><\/strong><\/p>\n<\/td>\n<td style=\"width: 204.6px; text-align: center;\"><strong><em>Montaje puertas y parquet.<\/em><\/strong><\/p>\n<p>Tambi\u00e9n disponemos de profesionales para la instalaci\u00f3n de puertas, parquet y todo tipo de carpinter\u00eda con general.<\/td>\n<\/tr>\n<tr>\n<td style=\"width: 203.4px; text-align: center;\"><strong><em>Tomar medidas.<\/em><\/strong><\/p>\n<p>Si quieres evitar errores aprovecha nuestra experiencia con la instalaci\u00f3n de muebles y cocinas y evita errores.<\/td>\n<td style=\"width: 204.6px; text-align: center;\"><strong><em><img loading=\"lazy\" decoding=\"async\" class=\"alignnone size-full wp-image-1804\" src=\"https:\/\/moblespladevall.cat\/wp-content\/uploads\/2019\/03\/pendre-mides.jpg\" alt=\"\" width=\"200\" height=\"150\" \/><\/em><\/strong><\/td>\n<\/tr>\n<\/tbody>\n<\/table>\n<\/td>\n<\/tr>\n<\/tbody>\n<\/table>\n<p><\/p>","protected":false},"excerpt":{"rendered":"<p>Somos fabricantes. En Muebles Pladevall disponemos de maquinaria de \u00faltima generaci\u00f3n, para poder fabricar el tus muebles a medida con unos acabados perfectos, y un precio inmejorable. Transporte. Si no te quieres complicar nuestros equipos de transporte te garantizar\u00e1n una entrega eficaz y r\u00e1pida en toda Catalu\u00f1a. Montaje de Muebles. Si no quieres complicarte nuestros equipos de montadores profesionales te garantizamos una entrega y montaje f\u00e1cil y r\u00e1pido en toda Catalu\u00f1a. Financiaci\u00f3n. Paga a tu&hellip;<\/p>\n","protected":false},"author":1,"featured_media":0,"parent":0,"menu_order":0,"comment_status":"closed","ping_status":"closed","template":"","meta":{"footnotes":""},"class_list":["post-49","page","type-page","status-publish","hentry","no-thumbnail"],"jetpack_sharing_enabled":true,"_links":{"self":[{"href":"https:\/\/moblespladevall.cat\/es\/wp-json\/wp\/v2\/pages\/49","targetHints":{"allow":["GET"]}}],"collection":[{"href":"https:\/\/moblespladevall.cat\/es\/wp-json\/wp\/v2\/pages"}],"about":[{"href":"https:\/\/moblespladevall.cat\/es\/wp-json\/wp\/v2\/types\/page"}],"author":[{"embeddable":true,"href":"https:\/\/moblespladevall.cat\/es\/wp-json\/wp\/v2\/users\/1"}],"replies":[{"embeddable":true,"href":"https:\/\/moblespladevall.cat\/es\/wp-json\/wp\/v2\/comments?post=49"}],"version-history":[{"count":65,"href":"https:\/\/moblespladevall.cat\/es\/wp-json\/wp\/v2\/pages\/49\/revisions"}],"predecessor-version":[{"id":1932,"href":"https:\/\/moblespladevall.cat\/es\/wp-json\/wp\/v2\/pages\/49\/revisions\/1932"}],"wp:attachment":[{"href":"https:\/\/moblespladevall.cat\/es\/wp-json\/wp\/v2\/media?parent=49"}],"curies":[{"name":"wp","href":"https:\/\/api.w.org\/{rel}","templated":true}]}}

<p></p>
<table class="aligncenter" style="height: 191px; width: 75%; border-style: solid;" border="1">
<tbody>
<tr style="height: 24px;">
<td style="width: 784.25px; height: 24px;">
<table class=" alignleft" style="width: 100%;">
<tbody>
<tr>
<td style="width: 203.4px; text-align: center;"><img loading="lazy" decoding="async" class="size-full wp-image-1783 aligncenter" src="https://moblespladevall.cat/wp-content/uploads/2019/03/fabricants.jpg" alt="" width="200" height="150" /></td>
<td style="width: 50%; text-align: center;">
<p style="text-align: center;"><strong><em>Somos fabricantes.</em></strong></p>
<p>En Muebles Pladevall disponemos de maquinaria de última generación, para poder fabricar el tus muebles a medida con unos acabados perfectos, y un precio inmejorable.</td>
</tr>
<tr>
<td style="width: 203.4px; text-align: center;"><strong><em>Transporte.</em></strong></p>
<p>Si no te quieres complicar nuestros equipos de transporte te garantizarán una entrega eficaz y rápida en toda Cataluña.</p>
<p style="text-align: center;">
</td>
<td style="width: 204.6px; text-align: center;"><img loading="lazy" decoding="async" class="alignnone size-full wp-image-1787 aligncenter" src="https://moblespladevall.cat/wp-content/uploads/2019/03/transport.jpg" alt="" width="200" height="150" /></td>
</tr>
<tr>
<td style="width: 203.4px; text-align: center;"><img loading="lazy" decoding="async" class="alignnone size-full wp-image-1798" src="https://moblespladevall.cat/wp-content/uploads/2019/03/muntatge-mobles.jpg" alt="" width="200" height="150" /></td>
<td style="width: 204.6px; text-align: center;">
<p style="text-align: center;"><strong><em>Montaje de Muebles.</em></strong></p>
<p>Si no quieres complicarte nuestros equipos de montadores profesionales te garantizamos una entrega y montaje fácil y rápido en toda Cataluña.</td>
</tr>
<tr>
<td style="width: 203.4px; text-align: center;">
<p style="text-align: center;"><strong><em>Financiación.</em></strong></p>
<p>Paga a tu ritmo con las diferentes formas de financiación que ofrecemos.<br />
Aprovecha la opción de pagos a 12 meses sin intereses.</td>
<td style="width: 204.6px; text-align: center;">
<p style="text-align: center;"><img loading="lazy" decoding="async" class="alignnone size-full wp-image-1799" src="https://moblespladevall.cat/wp-content/uploads/2019/03/financiacio.png" alt="" width="200" height="150" /></p>
</td>
</tr>
<tr>
<td style="width: 203.4px;">
<p style="text-align: center;">
</td>
<td style="width: 204.6px; text-align: center;"><strong><em>Retirada de muebles viejos.</em></strong></p>
<p>Si contratas el servicio de transporte puedes contratar también el desmontaje y retirada de tu cocina vieja, o la retirada del colchón o sofá viejo.</td>
</tr>
<tr>
<td style="width: 203.4px; text-align: center;">
<p style="text-align: center;"><strong><em>Proyectos de decoración.</em></strong></p>
<p>Realizamos proyectos con diseño gráfico por ordenador y con 3D. Lo hacemos con los sistemas informáticos más avanzados Y software de edición con 3D más sofisticado del mercado.</p>
<p style="text-align: center;">
</td>
<td style="width: 204.6px; text-align: center;"><strong><em><img loading="lazy" decoding="async" class="alignnone size-full wp-image-1800" src="https://moblespladevall.cat/wp-content/uploads/2019/03/projectes.jpg" alt="" width="200" height="150" /></em></strong></td>
</tr>
<tr>
<td style="width: 203.4px;">
<p style="text-align: center;"><strong><em><img loading="lazy" decoding="async" class="alignnone size-full wp-image-1801" src="https://moblespladevall.cat/wp-content/uploads/2019/03/portes-parquets.jpg" alt="" width="200" height="150" /> <img loading="lazy" decoding="async" class="alignnone size-medium wp-image-1802" src="https://moblespladevall.cat/wp-content/uploads/2019/03/portes-parquets2.jpg" alt="" width="200" height="150" /></em></strong></p>
</td>
<td style="width: 204.6px; text-align: center;"><strong><em>Montaje puertas y parquet.</em></strong></p>
<p>También disponemos de profesionales para la instalación de puertas, parquet y todo tipo de carpintería con general.</td>
</tr>
<tr>
<td style="width: 203.4px; text-align: center;"><strong><em>Tomar medidas.</em></strong></p>
<p>Si quieres evitar errores aprovecha nuestra experiencia con la instalación de muebles y cocinas y evita errores.</td>
<td style="width: 204.6px; text-align: center;"><strong><em><img loading="lazy" decoding="async" class="alignnone size-full wp-image-1804" src="https://moblespladevall.cat/wp-content/uploads/2019/03/pendre-mides.jpg" alt="" width="200" height="150" /></em></strong></td>
</tr>
</tbody>
</table>
</td>
</tr>
</tbody>
</table>
<p></p>

<p>Somos fabricantes. En Muebles Pladevall disponemos de maquinaria de última generación, para poder fabricar el tus muebles a medida con unos acabados perfectos, y un precio inmejorable. Transporte. Si no te quieres complicar nuestros equipos de transporte te garantizarán una entrega eficaz y rápida en toda Cataluña. Montaje de Muebles. Si no quieres complicarte nuestros equipos de montadores profesionales te garantizamos una entrega y montaje fácil y rápido en toda Cataluña. Financiación. Paga a tu&hellip;</p>
