{"id":2608,"date":"2025-04-18T11:50:20","date_gmt":"2025-04-18T11:50:20","guid":{"rendered":"https:\/\/moblespladevall.cat\/?post_type=product&#038;p=2608"},"modified":"2025-04-18T12:01:54","modified_gmt":"2025-04-18T12:01:54","slug":"zenit","status":"publish","type":"product","link":"https:\/\/moblespladevall.cat\/es\/producto\/zenit","title":{"rendered":"Zenit"},"content":{"rendered":"<p>El canap\u00e9 Zenit destaca por su estructura robusta y una excelente capacidad de almacenamiento, ideal para optimizar el espacio en dormitorios. Est\u00e1 fabricado con arc\u00f3n de madera de 22 mm de grosor y acabado en melamina texturada, lo que aporta resistencia y un aspecto moderno.<\/p>\n<p>Su tapa est\u00e1 reforzada con aglomerado de 8 mm, tapizada en tejido 3D beige transpirable e incorpora aireadores internos para una correcta ventilaci\u00f3n del equipo de descanso. La estructura met\u00e1lica de la tapa est\u00e1 fabricada en tubo acerado de 30&#215;30 mm, garantizando durabilidad y firmeza.<\/p>\n<p>El sistema de elevaci\u00f3n mediante hidr\u00e1ulicos facilita una apertura suave y c\u00f3moda, mientras que el fondo del arc\u00f3n en melamina apoya directamente sobre el suelo, mejorando la estabilidad. Incluye dos patas esquineras frontales y tirador u\u00f1ero embutido para una est\u00e9tica limpia y funcional.<\/p>\n<p><strong>Medidas:<\/strong><\/p>\n<ul>\n<li>Altura total: 34 cm<\/li>\n<li>Capacidad interior: 27 cm<\/li>\n<\/ul>\n<p><\/p>","protected":false},"excerpt":{"rendered":"<p class=\"qtranxs-available-languages-message qtranxs-available-languages-message-es\">Disculpa, pero esta entrada est\u00e1 disponible s\u00f3lo en <a href=\"https:\/\/moblespladevall.cat\/ca\/wp-json\/wp\/v2\/product\/2608\" class=\"qtranxs-available-language-link qtranxs-available-language-link-ca\" title=\"Catal\u00e0\">Catal\u00e0<\/a>.<\/p>\n","protected":false},"featured_media":2636,"template":"","meta":[],"product_brand":[],"product_cat":[148],"product_tag":[],"class_list":{"0":"post-2608","1":"product","2":"type-product","3":"status-publish","4":"has-post-thumbnail","6":"product_cat-canape-abatible","7":"no-thumbnail","9":"first","10":"instock","11":"shipping-taxable","12":"purchasable","13":"product-type-variable"},"jetpack_sharing_enabled":true,"_links":{"self":[{"href":"https:\/\/moblespladevall.cat\/es\/wp-json\/wp\/v2\/product\/2608","targetHints":{"allow":["GET"]}}],"collection":[{"href":"https:\/\/moblespladevall.cat\/es\/wp-json\/wp\/v2\/product"}],"about":[{"href":"https:\/\/moblespladevall.cat\/es\/wp-json\/wp\/v2\/types\/product"}],"wp:featuredmedia":[{"embeddable":true,"href":"https:\/\/moblespladevall.cat\/es\/wp-json\/wp\/v2\/media\/2636"}],"wp:attachment":[{"href":"https:\/\/moblespladevall.cat\/es\/wp-json\/wp\/v2\/media?parent=2608"}],"wp:term":[{"taxonomy":"product_brand","embeddable":true,"href":"https:\/\/moblespladevall.cat\/es\/wp-json\/wp\/v2\/product_brand?post=2608"},{"taxonomy":"product_cat","embeddable":true,"href":"https:\/\/moblespladevall.cat\/es\/wp-json\/wp\/v2\/product_cat?post=2608"},{"taxonomy":"product_tag","embeddable":true,"href":"https:\/\/moblespladevall.cat\/es\/wp-json\/wp\/v2\/product_tag?post=2608"}],"curies":[{"name":"wp","href":"https:\/\/api.w.org\/{rel}","templated":true}]}}

<p>El canapé Zenit destaca por su estructura robusta y una excelente capacidad de almacenamiento, ideal para optimizar el espacio en dormitorios. Está fabricado con arcón de madera de 22 mm de grosor y acabado en melamina texturada, lo que aporta resistencia y un aspecto moderno.</p>
<p>Su tapa está reforzada con aglomerado de 8 mm, tapizada en tejido 3D beige transpirable e incorpora aireadores internos para una correcta ventilación del equipo de descanso. La estructura metálica de la tapa está fabricada en tubo acerado de 30&#215;30 mm, garantizando durabilidad y firmeza.</p>
<p>El sistema de elevación mediante hidráulicos facilita una apertura suave y cómoda, mientras que el fondo del arcón en melamina apoya directamente sobre el suelo, mejorando la estabilidad. Incluye dos patas esquineras frontales y tirador uñero embutido para una estética limpia y funcional.</p>
<p><strong>Medidas:</strong></p>
<ul>
<li>Altura total: 34 cm</li>
<li>Capacidad interior: 27 cm</li>
</ul>
<p></p>

<p class="qtranxs-available-languages-message qtranxs-available-languages-message-es">Disculpa, pero esta entrada está disponible sólo en <a href="https://moblespladevall.cat/ca/wp-json/wp/v2/product/2608" class="qtranxs-available-language-link qtranxs-available-language-link-ca" title="Català">Català</a>.</p>
