{"id":2882,"date":"2025-04-18T14:31:28","date_gmt":"2025-04-18T14:31:28","guid":{"rendered":"https:\/\/moblespladevall.cat\/?post_type=product&#038;p=2882"},"modified":"2025-04-18T14:31:28","modified_gmt":"2025-04-18T14:31:28","slug":"euro-5","status":"publish","type":"product","link":"https:\/\/moblespladevall.cat\/es\/producto\/euro-5","title":{"rendered":"(Catal\u00e0) Euro 5"},"content":{"rendered":"<p class=\"qtranxs-available-languages-message qtranxs-available-languages-message-es\">Disculpa, pero esta entrada est\u00e1 disponible s\u00f3lo en <a href=\"https:\/\/moblespladevall.cat\/ca\/wp-json\/wp\/v2\/product\/2882\" class=\"qtranxs-available-language-link qtranxs-available-language-link-ca\" title=\"Catal\u00e0\">Catal\u00e0<\/a>.<\/p>","protected":false},"excerpt":{"rendered":"<p>Disculpa, pero esta entrada est\u00e1 disponible s\u00f3lo en Catal\u00e0.<\/p>\n","protected":false},"featured_media":2883,"template":"","meta":[],"product_brand":[],"product_cat":[16,147],"product_tag":[],"class_list":{"0":"post-2882","1":"product","2":"type-product","3":"status-publish","4":"has-post-thumbnail","6":"product_cat-colchoneria","7":"product_cat-somiers-bases","8":"no-thumbnail","10":"first","11":"instock","12":"shipping-taxable","13":"purchasable","14":"product-type-variable"},"jetpack_sharing_enabled":true,"_links":{"self":[{"href":"https:\/\/moblespladevall.cat\/es\/wp-json\/wp\/v2\/product\/2882","targetHints":{"allow":["GET"]}}],"collection":[{"href":"https:\/\/moblespladevall.cat\/es\/wp-json\/wp\/v2\/product"}],"about":[{"href":"https:\/\/moblespladevall.cat\/es\/wp-json\/wp\/v2\/types\/product"}],"wp:featuredmedia":[{"embeddable":true,"href":"https:\/\/moblespladevall.cat\/es\/wp-json\/wp\/v2\/media\/2883"}],"wp:attachment":[{"href":"https:\/\/moblespladevall.cat\/es\/wp-json\/wp\/v2\/media?parent=2882"}],"wp:term":[{"taxonomy":"product_brand","embeddable":true,"href":"https:\/\/moblespladevall.cat\/es\/wp-json\/wp\/v2\/product_brand?post=2882"},{"taxonomy":"product_cat","embeddable":true,"href":"https:\/\/moblespladevall.cat\/es\/wp-json\/wp\/v2\/product_cat?post=2882"},{"taxonomy":"product_tag","embeddable":true,"href":"https:\/\/moblespladevall.cat\/es\/wp-json\/wp\/v2\/product_tag?post=2882"}],"curies":[{"name":"wp","href":"https:\/\/api.w.org\/{rel}","templated":true}]}}

(Català) Euro 5

<p class="qtranxs-available-languages-message qtranxs-available-languages-message-es">Disculpa, pero esta entrada está disponible sólo en <a href="https://moblespladevall.cat/ca/wp-json/wp/v2/product/2882" class="qtranxs-available-language-link qtranxs-available-language-link-ca" title="Català">Català</a>.</p>

<p>Disculpa, pero esta entrada está disponible sólo en Català.</p>
