{"id":3156,"date":"2025-04-19T07:52:19","date_gmt":"2025-04-19T07:52:19","guid":{"rendered":"https:\/\/moblespladevall.cat\/?post_type=product&#038;p=3156"},"modified":"2025-04-19T08:04:56","modified_gmt":"2025-04-19T08:04:56","slug":"matalas-ergo-sac","status":"publish","type":"product","link":"https:\/\/moblespladevall.cat\/es\/producto\/matalas-ergo-sac","title":{"rendered":"Colchon ergo sac"},"content":{"rendered":"<p>El colch\u00f3n Ergosac est\u00e1 especialmente dise\u00f1ado para camas articulables, combinando tecnolog\u00eda de muelles ensacados para un soporte \u00f3ptimo y adaptabilidad a cada movimiento de la base. Gracias a su estructura de muelles individuales, ofrece una excelente independencia de lechos y una distribuci\u00f3n uniforme del peso, lo que mejora el confort y reduce la transferencia de movimiento.<\/p>\n<p>Con una capa de visco grafeno de 4 cm, el Ergosac se adapta al contorno del cuerpo, proporcionando una acogida gradual que ayuda a reducir puntos de presi\u00f3n y facilita la circulaci\u00f3n de aire, manteniendo una sensaci\u00f3n fresca durante el descanso.<\/p>\n<p>El colch\u00f3n tambi\u00e9n cuenta con un sistema de espuma Airsystem de 40K, que asegura una transpirabilidad superior y una acogida suave en cada uso. Su dise\u00f1o ergon\u00f3mico incluye un refuerzo perimetral que aporta estabilidad y soporte adicional en los bordes.<\/p>\n<p>Caracter\u00edsticas:<\/p>\n<ul>\n<li>Grosor: 24 cm<\/li>\n<li>Firmeza: 4\/6<\/li>\n<li>Adaptabilidad: 4\/6<\/li>\n<\/ul>\n<p><\/p>","protected":false},"excerpt":{"rendered":"<p>Nuclio Eliocel 20 cms D-23 Kg\/ Tejido Damasco anti\u00e1caros\/ Altura 18 cms<\/p>\n<p>Otras medidas consultar.<\/p>\n","protected":false},"featured_media":3167,"template":"","meta":[],"product_brand":[],"product_cat":[16,146],"product_tag":[],"class_list":{"0":"post-3156","1":"product","2":"type-product","3":"status-publish","4":"has-post-thumbnail","6":"product_cat-colchoneria","7":"product_cat-molles-ensecades","8":"no-thumbnail","10":"first","11":"instock","12":"shipping-taxable","13":"purchasable","14":"product-type-variable"},"jetpack_sharing_enabled":true,"_links":{"self":[{"href":"https:\/\/moblespladevall.cat\/es\/wp-json\/wp\/v2\/product\/3156","targetHints":{"allow":["GET"]}}],"collection":[{"href":"https:\/\/moblespladevall.cat\/es\/wp-json\/wp\/v2\/product"}],"about":[{"href":"https:\/\/moblespladevall.cat\/es\/wp-json\/wp\/v2\/types\/product"}],"wp:featuredmedia":[{"embeddable":true,"href":"https:\/\/moblespladevall.cat\/es\/wp-json\/wp\/v2\/media\/3167"}],"wp:attachment":[{"href":"https:\/\/moblespladevall.cat\/es\/wp-json\/wp\/v2\/media?parent=3156"}],"wp:term":[{"taxonomy":"product_brand","embeddable":true,"href":"https:\/\/moblespladevall.cat\/es\/wp-json\/wp\/v2\/product_brand?post=3156"},{"taxonomy":"product_cat","embeddable":true,"href":"https:\/\/moblespladevall.cat\/es\/wp-json\/wp\/v2\/product_cat?post=3156"},{"taxonomy":"product_tag","embeddable":true,"href":"https:\/\/moblespladevall.cat\/es\/wp-json\/wp\/v2\/product_tag?post=3156"}],"curies":[{"name":"wp","href":"https:\/\/api.w.org\/{rel}","templated":true}]}}

<p>El colchón Ergosac está especialmente diseñado para camas articulables, combinando tecnología de muelles ensacados para un soporte óptimo y adaptabilidad a cada movimiento de la base. Gracias a su estructura de muelles individuales, ofrece una excelente independencia de lechos y una distribución uniforme del peso, lo que mejora el confort y reduce la transferencia de movimiento.</p>
<p>Con una capa de visco grafeno de 4 cm, el Ergosac se adapta al contorno del cuerpo, proporcionando una acogida gradual que ayuda a reducir puntos de presión y facilita la circulación de aire, manteniendo una sensación fresca durante el descanso.</p>
<p>El colchón también cuenta con un sistema de espuma Airsystem de 40K, que asegura una transpirabilidad superior y una acogida suave en cada uso. Su diseño ergonómico incluye un refuerzo perimetral que aporta estabilidad y soporte adicional en los bordes.</p>
<p>Características:</p>
<ul>
<li>Grosor: 24 cm</li>
<li>Firmeza: 4/6</li>
<li>Adaptabilidad: 4/6</li>
</ul>
<p></p>

<p>Nuclio Eliocel 20 cms D-23 Kg/ Tejido Damasco antiácaros/ Altura 18 cms</p>
<p>Otras medidas consultar.</p>
