{"id":3182,"date":"2025-04-19T09:02:49","date_gmt":"2025-04-19T09:02:49","guid":{"rendered":"https:\/\/moblespladevall.cat\/?post_type=product&#038;p=3182"},"modified":"2025-04-19T09:06:07","modified_gmt":"2025-04-19T09:06:07","slug":"espanol-mesa-10227","status":"publish","type":"product","link":"https:\/\/moblespladevall.cat\/es\/producto\/espanol-mesa-10227","title":{"rendered":"Mesa 10227"},"content":{"rendered":"<p>La mesa de comedor 10227, con estructura met\u00e1lica negra y sobre de melamina de 30mm, incluye un sistema de extensi\u00f3n telesc\u00f3pico sincronizado con cierre de seguridad. Ideal para hogares modernos que buscan funcionalidad y dise\u00f1o.<\/p>\n<ul>\n<li>Medidas: 140-180 x 73,5 x 90 cm<\/li>\n<\/ul>\n<p><\/p>","protected":false},"excerpt":{"rendered":"<p>La mesa de comedor 10227, con estructura met\u00e1lica negra y sobre de melamina de 30mm, incluye un sistema de extensi\u00f3n telesc\u00f3pico sincronizado con cierre de seguridad. Ideal para hogares modernos que buscan funcionalidad y dise\u00f1o. Medidas: 140-180 x 73,5 x 90 cm<\/p>\n","protected":false},"featured_media":3186,"template":"","meta":[],"product_brand":[],"product_cat":[121],"product_tag":[],"class_list":{"0":"post-3182","1":"product","2":"type-product","3":"status-publish","4":"has-post-thumbnail","6":"product_cat-taules","7":"no-thumbnail","9":"first","10":"instock","11":"shipping-taxable","12":"purchasable","13":"product-type-variable"},"jetpack_sharing_enabled":true,"_links":{"self":[{"href":"https:\/\/moblespladevall.cat\/es\/wp-json\/wp\/v2\/product\/3182","targetHints":{"allow":["GET"]}}],"collection":[{"href":"https:\/\/moblespladevall.cat\/es\/wp-json\/wp\/v2\/product"}],"about":[{"href":"https:\/\/moblespladevall.cat\/es\/wp-json\/wp\/v2\/types\/product"}],"wp:featuredmedia":[{"embeddable":true,"href":"https:\/\/moblespladevall.cat\/es\/wp-json\/wp\/v2\/media\/3186"}],"wp:attachment":[{"href":"https:\/\/moblespladevall.cat\/es\/wp-json\/wp\/v2\/media?parent=3182"}],"wp:term":[{"taxonomy":"product_brand","embeddable":true,"href":"https:\/\/moblespladevall.cat\/es\/wp-json\/wp\/v2\/product_brand?post=3182"},{"taxonomy":"product_cat","embeddable":true,"href":"https:\/\/moblespladevall.cat\/es\/wp-json\/wp\/v2\/product_cat?post=3182"},{"taxonomy":"product_tag","embeddable":true,"href":"https:\/\/moblespladevall.cat\/es\/wp-json\/wp\/v2\/product_tag?post=3182"}],"curies":[{"name":"wp","href":"https:\/\/api.w.org\/{rel}","templated":true}]}}

<p>La mesa de comedor 10227, con estructura metálica negra y sobre de melamina de 30mm, incluye un sistema de extensión telescópico sincronizado con cierre de seguridad. Ideal para hogares modernos que buscan funcionalidad y diseño.</p>
<ul>
<li>Medidas: 140-180 x 73,5 x 90 cm</li>
</ul>
<p></p>

<p>La mesa de comedor 10227, con estructura metálica negra y sobre de melamina de 30mm, incluye un sistema de extensión telescópico sincronizado con cierre de seguridad. Ideal para hogares modernos que buscan funcionalidad y diseño. Medidas: 140-180 x 73,5 x 90 cm</p>
